{"id":382,"date":"2023-01-10T21:55:29","date_gmt":"2023-01-10T21:55:29","guid":{"rendered":"https:\/\/shelbylaw.com\/?page_id=382"},"modified":"2025-09-13T20:08:31","modified_gmt":"2025-09-13T20:08:31","slug":"madeline-garcia","status":"publish","type":"page","link":"https:\/\/shelbylaw.com\/es\/abogados\/madeline-garcia\/","title":{"rendered":"Madeline Garcia"},"content":{"rendered":"<p>[et_pb_section fb_built=&#8221;1&#8243; custom_padding_last_edited=&#8221;on|phone&#8221; _builder_version=&#8221;4.18.0&#8243; _module_preset=&#8221;default&#8221; background_color=&#8221;rgba(2,2,2,0.6)&#8221; background_image=&#8221;https:\/\/shelbylaw.com\/es\/wp-content\/uploads\/2022\/09\/lawyer-44-4.jpg&#8221; background_blend=&#8221;overlay&#8221; custom_margin=&#8221;0px||0px||false|false&#8221; custom_padding=&#8221;128px||130px||false|false&#8221; custom_padding_tablet=&#8221;130px||130px||false|false&#8221; custom_padding_phone=&#8221;80px||80px||false|false&#8221; global_colors_info=&#8221;{}&#8221;][et_pb_row use_custom_gutter=&#8221;on&#8221; gutter_width=&#8221;2&#8243; _builder_version=&#8221;4.17.1&#8243; _module_preset=&#8221;default&#8221; width=&#8221;90%&#8221; max_width=&#8221;1170px&#8221; custom_margin=&#8221;0px||0px||false|false&#8221; custom_padding=&#8221;0px||0px||false|false&#8221; global_colors_info=&#8221;{}&#8221;][et_pb_column type=&#8221;4_4&#8243; _builder_version=&#8221;4.17.1&#8243; _module_preset=&#8221;default&#8221; global_colors_info=&#8221;{}&#8221;][et_pb_text _builder_version=&#8221;4.18.0&#8243; _module_preset=&#8221;default&#8221; header_2_font=&#8221;|600|||||||&#8221; header_2_text_align=&#8221;left&#8221; header_2_text_color=&#8221;#FFFFFF&#8221; header_2_font_size=&#8221;65px&#8221; header_2_letter_spacing=&#8221;-1px&#8221; header_2_line_height=&#8221;1.1em&#8221; custom_margin=&#8221;0px||20px||false|false&#8221; custom_padding=&#8221;0px||0px||false|false&#8221; header_2_font_size_tablet=&#8221;65px&#8221; header_2_font_size_phone=&#8221;34px&#8221; header_2_font_size_last_edited=&#8221;on|phone&#8221; global_colors_info=&#8221;{}&#8221;]<\/p>\n<h2>Madeline Garcia<\/h2>\n<p>[\/et_pb_text][et_pb_text _builder_version=&#8221;4.20.4&#8243; _module_preset=&#8221;default&#8221; text_font=&#8221;|600|||||||&#8221; text_text_color=&#8221;#FFFFFF&#8221; text_font_size=&#8221;23px&#8221; header_4_font=&#8221;Cairo|700|||on||||&#8221; header_4_text_align=&#8221;left&#8221; header_4_text_color=&#8221;#FFFFFF&#8221; header_4_font_size=&#8221;17px&#8221; custom_margin=&#8221;0px||0px||false|false&#8221; custom_padding=&#8221;0px||0px||false|false&#8221; header_4_font_size_tablet=&#8221;17px&#8221; header_4_font_size_phone=&#8221;17px&#8221; header_4_font_size_last_edited=&#8221;on|phone&#8221; global_colors_info=&#8221;{}&#8221; header_4_text_color__hover_enabled=&#8221;on|hover&#8221; header_4_text_color__hover=&#8221;#fd4a18&#8243;]Reputaci\u00f3n. Respeto. Resultados.[\/et_pb_text][\/et_pb_column][\/et_pb_row][\/et_pb_section][et_pb_section fb_built=&#8221;1&#8243; custom_padding_last_edited=&#8221;on|phone&#8221; _builder_version=&#8221;4.20.4&#8243; _module_preset=&#8221;default&#8221; background_enable_color=&#8221;off&#8221; custom_margin=&#8221;0px||0px||false|false&#8221; custom_padding=&#8221;80px||80px||false|false&#8221; custom_padding_tablet=&#8221;130px||130px||false|false&#8221; custom_padding_phone=&#8221;80px||80px||false|false&#8221; global_colors_info=&#8221;{}&#8221;][et_pb_row column_structure=&#8221;1_3,2_3&#8243; use_custom_gutter=&#8221;on&#8221; gutter_width=&#8221;2&#8243; make_equal=&#8221;on&#8221; _builder_version=&#8221;4.18.0&#8243; _module_preset=&#8221;default&#8221; width=&#8221;90%&#8221; max_width=&#8221;1170px&#8221; custom_margin=&#8221;0px||0px||false|false&#8221; custom_padding=&#8221;0px||0px||false|false&#8221; border_color_bottom=&#8221;#e7e7e7&#8243; global_colors_info=&#8221;{}&#8221;][et_pb_column type=&#8221;1_3&#8243; _builder_version=&#8221;4.17.1&#8243; _module_preset=&#8221;default&#8221; custom_css_main_element=&#8221;text-align:center;&#8221; global_colors_info=&#8221;{}&#8221;][et_pb_image src=&#8221;https:\/\/shelbylaw.com\/es\/wp-content\/uploads\/2025\/07\/madeline.jpg&#8221; alt=&#8221;Brady Quackenbush&#8221; title_text=&#8221;madeline&#8221; align=&#8221;center&#8221; _builder_version=&#8221;4.27.2&#8243; _module_preset=&#8221;default&#8221; custom_margin=&#8221;0px||0px||false|false&#8221; custom_padding=&#8221;0px||0px||false|false&#8221; global_colors_info=&#8221;{}&#8221;][\/et_pb_image][et_pb_blurb title=&#8221;Madeline Garcia&#8221; _builder_version=&#8221;4.27.2&#8243; _module_preset=&#8221;default&#8221; header_level=&#8221;h3&#8243; header_font=&#8221;|700|||||||&#8221; header_text_align=&#8221;center&#8221; header_text_color=&#8221;#151515&#8243; header_font_size=&#8221;20px&#8221; body_font=&#8221;Libre Franklin|600|||||||&#8221; body_text_align=&#8221;center&#8221; body_text_color=&#8221;#616161&#8243; background_color=&#8221;#FFFFFF&#8221; z_index=&#8221;10&#8243; max_width=&#8221;325px&#8221; module_alignment=&#8221;center&#8221; custom_margin=&#8221;-40px||0px||false|false&#8221; custom_padding=&#8221;20px|10px|20px|10px|true|true&#8221; border_radii=&#8221;on|5px|5px|5px|5px&#8221; box_shadow_style=&#8221;preset1&#8243; box_shadow_vertical=&#8221;8px&#8221; box_shadow_blur=&#8221;35px&#8221; box_shadow_color=&#8221;rgba(0,0,0,0.12)&#8221; global_colors_info=&#8221;{}&#8221;][\/et_pb_blurb][et_pb_blurb use_icon=&#8221;on&#8221; font_icon=&#8221;&#xe00b;||divi||400&#8243; icon_color=&#8221;#C9AC5C&#8221; icon_placement=&#8221;left&#8221; disabled_on=&#8221;off|off|off&#8221; _builder_version=&#8221;4.19.5&#8243; _module_preset=&#8221;default&#8221; body_font=&#8221;|700|||||||&#8221; custom_margin=&#8221;20px||||false|false&#8221; global_colors_info=&#8221;{}&#8221;]<\/p>\n<p><span>317-398-6688<\/span><\/p>\n<p>[\/et_pb_blurb][et_pb_blurb use_icon=&#8221;on&#8221; font_icon=&#8221;&#xe103;||divi||400&#8243; icon_color=&#8221;#C9AC5C&#8221; icon_placement=&#8221;left&#8221; disabled_on=&#8221;off|off|off&#8221; _builder_version=&#8221;4.19.5&#8243; _module_preset=&#8221;default&#8221; body_font=&#8221;|700|||||||&#8221; custom_margin=&#8221;20px||||false|false&#8221; global_colors_info=&#8221;{}&#8221;]<\/p>\n<p class=\"p1\"><span>317-398-6806<\/span><\/p>\n<p>[\/et_pb_blurb][\/et_pb_column][et_pb_column type=&#8221;2_3&#8243; _builder_version=&#8221;4.17.1&#8243; _module_preset=&#8221;default&#8221; custom_css_main_element=&#8221;text-align:center;&#8221; global_colors_info=&#8221;{}&#8221;][et_pb_text _builder_version=&#8221;4.27.2&#8243; header_3_font=&#8221;|600|||||||&#8221; header_3_text_align=&#8221;left&#8221; header_3_text_color=&#8221;#020202&#8243; header_3_font_size=&#8221;35px&#8221; header_3_line_height=&#8221;1.2em&#8221; custom_padding=&#8221;5px|||||&#8221; animation_style=&#8221;fade&#8221; header_3_font_size_tablet=&#8221;&#8221; header_3_font_size_phone=&#8221;25px&#8221; header_3_font_size_last_edited=&#8221;on|phone&#8221; global_colors_info=&#8221;{}&#8221;]<\/p>\n<h3>Madeline Garcia<\/h3>\n<p>[\/et_pb_text][et_pb_text _builder_version=&#8221;4.27.4&#8243; text_font=&#8221;||||||||&#8221; text_text_color=&#8221;#020202&#8243; header_2_font=&#8221;|600|||||||&#8221; header_2_text_color=&#8221;#C9AC5C&#8221; custom_margin_tablet=&#8221;-10px||||false|false&#8221; custom_margin_phone=&#8221;-10px||||false|false&#8221; custom_margin_last_edited=&#8221;on|phone&#8221; hover_enabled=&#8221;0&#8243; global_colors_info=&#8221;{}&#8221; sticky_enabled=&#8221;0&#8243;]<\/p>\n<p>Madeline Garc\u00eda es abogada de pr\u00e1ctica general, especializada en derecho migratorio, defensa penal, litigios civiles, derechos de familia, planificaci\u00f3n patrimonial y compensaci\u00f3n laboral. Madeline tambi\u00e9n es Defensora P\u00fablica de los condados de Shelby, Decatur y Rush.<\/p>\n<p>Madeline obtuvo su doctorado en Derecho de la universidad Washington School of Law de St. Louis, donde ella fue la oradora de ceremonia de graduaci\u00f3n \u201cVos de la clase\u201d en el 2024, vicepresidenta de la Asociaci\u00f3n de Abogados Estudiantiles y representante estudiantil de la Asociaci\u00f3n Americana de Abogados. Tambi\u00e9n ocup\u00f3 cargos de liderazgo en la Asociaci\u00f3n Latinoamericana de Estudiantes de Derecho, el Instituto Gephardt para el Compromiso C\u00edvico y la Asociaci\u00f3n Latina de Estudiantes de Postgrado. Fue becaria Marshall-Brennan de Alfabetizaci\u00f3n Constitucional, ense\u00f1ando principios b\u00e1sicos a estudiantes de secundaria de St. Louis.<\/p>\n<p>Antes estudiar derecho, Madeline fue vicepresidenta de Lead for a Change, una organizaci\u00f3n de participaci\u00f3n c\u00edvica. Madeline se gradu\u00f3 con honores y la m\u00e1xima distinci\u00f3n de la Escuela de Asuntos P\u00fablicos y Ambientales O&#8217;Neill de la Universidad de Indiana. Fue becaria presidencial Herbert, becaria Hudson and Holland, becaria de honor Hutton y becaria del Fondo del Senador Richard Lugar para la Excelencia Hoosier. Madeline disfruta del servicio comunitario.<\/p>\n<p>Antes de unirse al bufete, fue voluntaria en el programa de Ayuda a Refugiados y Asilo de Caridades Cat\u00f3licas y colabora con diversas cl\u00ednicas legales en el centro de Indiana. Tambi\u00e9n es mentora de estudiantes de derecho y asistente del equipo de oratoria y debate de la escuela secundaria de Avon. En su tiempo libre, Madeline disfruta de la fotograf\u00eda, el senderismo, ir a conciertos y probar nuevos restaurantes en el centro de Indiana.<\/p>\n<h2>\u00c1reas de Pr\u00e1ctica<\/h2>\n<ul>\n<li>Juicio civil<\/li>\n<li>Defensa penal<\/li>\n<li>Derechos de familia<\/li>\n<li>Inmigraci\u00f3n<\/li>\n<li>Reclamos menores<\/li>\n<li>Testamentos, fideicomisos, y sucesiones<\/li>\n<li>Compensaci\u00f3n laboral<\/li>\n<\/ul>\n<h2>Admisiones al Colegio de Abogados<\/h2>\n<ul>\n<li>Indiana<\/li>\n<\/ul>\n<h2>Educacion<\/h2>\n<ul>\n<li>Universidad de Washington School of Law de St. Louis, Missouri, J.D., 2024<\/li>\n<li>Universidad de Indiana, B.S.P.A., 2020<\/li>\n<\/ul>\n<h2>Clientes Representativos<\/h2>\n<ul>\n<li>Suministrado bajo pedido<\/li>\n<\/ul>\n<p>[\/et_pb_text][\/et_pb_column][\/et_pb_row][\/et_pb_section]<\/p>\n","protected":false},"excerpt":{"rendered":"<p>Madeline GarciaReputaci\u00f3n. Respeto. Resultados.317-398-6688317-398-6806Madeline GarciaMadeline Garc\u00eda es abogada de pr\u00e1ctica general, especializada en derecho migratorio, defensa penal, litigios civiles, derechos de familia, planificaci\u00f3n patrimonial y compensaci\u00f3n laboral. Madeline tambi\u00e9n es Defensora P\u00fablica de los condados de Shelby, Decatur y Rush. Madeline obtuvo su doctorado en Derecho de la universidad Washington School of Law de St. [&hellip;]<\/p>\n","protected":false},"author":1,"featured_media":0,"parent":141,"menu_order":0,"comment_status":"closed","ping_status":"closed","template":"","meta":{"_et_pb_use_builder":"on","_et_pb_old_content":"","_et_gb_content_width":"","footnotes":""},"class_list":["post-382","page","type-page","status-publish","hentry"],"_links":{"self":[{"href":"https:\/\/shelbylaw.com\/es\/wp-json\/wp\/v2\/pages\/382","targetHints":{"allow":["GET"]}}],"collection":[{"href":"https:\/\/shelbylaw.com\/es\/wp-json\/wp\/v2\/pages"}],"about":[{"href":"https:\/\/shelbylaw.com\/es\/wp-json\/wp\/v2\/types\/page"}],"author":[{"embeddable":true,"href":"https:\/\/shelbylaw.com\/es\/wp-json\/wp\/v2\/users\/1"}],"replies":[{"embeddable":true,"href":"https:\/\/shelbylaw.com\/es\/wp-json\/wp\/v2\/comments?post=382"}],"version-history":[{"count":0,"href":"https:\/\/shelbylaw.com\/es\/wp-json\/wp\/v2\/pages\/382\/revisions"}],"up":[{"embeddable":true,"href":"https:\/\/shelbylaw.com\/es\/wp-json\/wp\/v2\/pages\/141"}],"wp:attachment":[{"href":"https:\/\/shelbylaw.com\/es\/wp-json\/wp\/v2\/media?parent=382"}],"curies":[{"name":"wp","href":"https:\/\/api.w.org\/{rel}","templated":true}]}}

<p>[et_pb_section fb_built=&#8221;1&#8243; custom_padding_last_edited=&#8221;on|phone&#8221; _builder_version=&#8221;4.18.0&#8243; _module_preset=&#8221;default&#8221; background_color=&#8221;rgba(2,2,2,0.6)&#8221; background_image=&#8221;https://shelbylaw.com/es/wp-content/uploads/2022/09/lawyer-44-4.jpg&#8221; background_blend=&#8221;overlay&#8221; custom_margin=&#8221;0px||0px||false|false&#8221; custom_padding=&#8221;128px||130px||false|false&#8221; custom_padding_tablet=&#8221;130px||130px||false|false&#8221; custom_padding_phone=&#8221;80px||80px||false|false&#8221; global_colors_info=&#8221;{}&#8221;][et_pb_row use_custom_gutter=&#8221;on&#8221; gutter_width=&#8221;2&#8243; _builder_version=&#8221;4.17.1&#8243; _module_preset=&#8221;default&#8221; width=&#8221;90%&#8221; max_width=&#8221;1170px&#8221; custom_margin=&#8221;0px||0px||false|false&#8221; custom_padding=&#8221;0px||0px||false|false&#8221; global_colors_info=&#8221;{}&#8221;][et_pb_column type=&#8221;4_4&#8243; _builder_version=&#8221;4.17.1&#8243; _module_preset=&#8221;default&#8221; global_colors_info=&#8221;{}&#8221;][et_pb_text _builder_version=&#8221;4.18.0&#8243; _module_preset=&#8221;default&#8221; header_2_font=&#8221;|600|||||||&#8221; header_2_text_align=&#8221;left&#8221; header_2_text_color=&#8221;#FFFFFF&#8221; header_2_font_size=&#8221;65px&#8221; header_2_letter_spacing=&#8221;-1px&#8221; header_2_line_height=&#8221;1.1em&#8221; custom_margin=&#8221;0px||20px||false|false&#8221; custom_padding=&#8221;0px||0px||false|false&#8221; header_2_font_size_tablet=&#8221;65px&#8221; header_2_font_size_phone=&#8221;34px&#8221; header_2_font_size_last_edited=&#8221;on|phone&#8221; global_colors_info=&#8221;{}&#8221;]</p>
<h2>Madeline Garcia</h2>
<p>[/et_pb_text][et_pb_text _builder_version=&#8221;4.20.4&#8243; _module_preset=&#8221;default&#8221; text_font=&#8221;|600|||||||&#8221; text_text_color=&#8221;#FFFFFF&#8221; text_font_size=&#8221;23px&#8221; header_4_font=&#8221;Cairo|700|||on||||&#8221; header_4_text_align=&#8221;left&#8221; header_4_text_color=&#8221;#FFFFFF&#8221; header_4_font_size=&#8221;17px&#8221; custom_margin=&#8221;0px||0px||false|false&#8221; custom_padding=&#8221;0px||0px||false|false&#8221; header_4_font_size_tablet=&#8221;17px&#8221; header_4_font_size_phone=&#8221;17px&#8221; header_4_font_size_last_edited=&#8221;on|phone&#8221; global_colors_info=&#8221;{}&#8221; header_4_text_color__hover_enabled=&#8221;on|hover&#8221; header_4_text_color__hover=&#8221;#fd4a18&#8243;]Reputación. Respeto. Resultados.[/et_pb_text][/et_pb_column][/et_pb_row][/et_pb_section][et_pb_section fb_built=&#8221;1&#8243; custom_padding_last_edited=&#8221;on|phone&#8221; _builder_version=&#8221;4.20.4&#8243; _module_preset=&#8221;default&#8221; background_enable_color=&#8221;off&#8221; custom_margin=&#8221;0px||0px||false|false&#8221; custom_padding=&#8221;80px||80px||false|false&#8221; custom_padding_tablet=&#8221;130px||130px||false|false&#8221; custom_padding_phone=&#8221;80px||80px||false|false&#8221; global_colors_info=&#8221;{}&#8221;][et_pb_row column_structure=&#8221;1_3,2_3&#8243; use_custom_gutter=&#8221;on&#8221; gutter_width=&#8221;2&#8243; make_equal=&#8221;on&#8221; _builder_version=&#8221;4.18.0&#8243; _module_preset=&#8221;default&#8221; width=&#8221;90%&#8221; max_width=&#8221;1170px&#8221; custom_margin=&#8221;0px||0px||false|false&#8221; custom_padding=&#8221;0px||0px||false|false&#8221; border_color_bottom=&#8221;#e7e7e7&#8243; global_colors_info=&#8221;{}&#8221;][et_pb_column type=&#8221;1_3&#8243; _builder_version=&#8221;4.17.1&#8243; _module_preset=&#8221;default&#8221; custom_css_main_element=&#8221;text-align:center;&#8221; global_colors_info=&#8221;{}&#8221;][et_pb_image src=&#8221;https://shelbylaw.com/es/wp-content/uploads/2025/07/madeline.jpg&#8221; alt=&#8221;Brady Quackenbush&#8221; title_text=&#8221;madeline&#8221; align=&#8221;center&#8221; _builder_version=&#8221;4.27.2&#8243; _module_preset=&#8221;default&#8221; custom_margin=&#8221;0px||0px||false|false&#8221; custom_padding=&#8221;0px||0px||false|false&#8221; global_colors_info=&#8221;{}&#8221;][/et_pb_image][et_pb_blurb title=&#8221;Madeline Garcia&#8221; _builder_version=&#8221;4.27.2&#8243; _module_preset=&#8221;default&#8221; header_level=&#8221;h3&#8243; header_font=&#8221;|700|||||||&#8221; header_text_align=&#8221;center&#8221; header_text_color=&#8221;#151515&#8243; header_font_size=&#8221;20px&#8221; body_font=&#8221;Libre Franklin|600|||||||&#8221; body_text_align=&#8221;center&#8221; body_text_color=&#8221;#616161&#8243; background_color=&#8221;#FFFFFF&#8221; z_index=&#8221;10&#8243; max_width=&#8221;325px&#8221; module_alignment=&#8221;center&#8221; custom_margin=&#8221;-40px||0px||false|false&#8221; custom_padding=&#8221;20px|10px|20px|10px|true|true&#8221; border_radii=&#8221;on|5px|5px|5px|5px&#8221; box_shadow_style=&#8221;preset1&#8243; box_shadow_vertical=&#8221;8px&#8221; box_shadow_blur=&#8221;35px&#8221; box_shadow_color=&#8221;rgba(0,0,0,0.12)&#8221; global_colors_info=&#8221;{}&#8221;][/et_pb_blurb][et_pb_blurb use_icon=&#8221;on&#8221; font_icon=&#8221;&#xe00b;||divi||400&#8243; icon_color=&#8221;#C9AC5C&#8221; icon_placement=&#8221;left&#8221; disabled_on=&#8221;off|off|off&#8221; _builder_version=&#8221;4.19.5&#8243; _module_preset=&#8221;default&#8221; body_font=&#8221;|700|||||||&#8221; custom_margin=&#8221;20px||||false|false&#8221; global_colors_info=&#8221;{}&#8221;]</p>
<p><span>317-398-6688</span></p>
<p>[/et_pb_blurb][et_pb_blurb use_icon=&#8221;on&#8221; font_icon=&#8221;&#xe103;||divi||400&#8243; icon_color=&#8221;#C9AC5C&#8221; icon_placement=&#8221;left&#8221; disabled_on=&#8221;off|off|off&#8221; _builder_version=&#8221;4.19.5&#8243; _module_preset=&#8221;default&#8221; body_font=&#8221;|700|||||||&#8221; custom_margin=&#8221;20px||||false|false&#8221; global_colors_info=&#8221;{}&#8221;]</p>
<p class="p1"><span>317-398-6806</span></p>
<p>[/et_pb_blurb][/et_pb_column][et_pb_column type=&#8221;2_3&#8243; _builder_version=&#8221;4.17.1&#8243; _module_preset=&#8221;default&#8221; custom_css_main_element=&#8221;text-align:center;&#8221; global_colors_info=&#8221;{}&#8221;][et_pb_text _builder_version=&#8221;4.27.2&#8243; header_3_font=&#8221;|600|||||||&#8221; header_3_text_align=&#8221;left&#8221; header_3_text_color=&#8221;#020202&#8243; header_3_font_size=&#8221;35px&#8221; header_3_line_height=&#8221;1.2em&#8221; custom_padding=&#8221;5px|||||&#8221; animation_style=&#8221;fade&#8221; header_3_font_size_tablet=&#8221;&#8221; header_3_font_size_phone=&#8221;25px&#8221; header_3_font_size_last_edited=&#8221;on|phone&#8221; global_colors_info=&#8221;{}&#8221;]</p>
<h3>Madeline Garcia</h3>
<p>[/et_pb_text][et_pb_text _builder_version=&#8221;4.27.4&#8243; text_font=&#8221;||||||||&#8221; text_text_color=&#8221;#020202&#8243; header_2_font=&#8221;|600|||||||&#8221; header_2_text_color=&#8221;#C9AC5C&#8221; custom_margin_tablet=&#8221;-10px||||false|false&#8221; custom_margin_phone=&#8221;-10px||||false|false&#8221; custom_margin_last_edited=&#8221;on|phone&#8221; hover_enabled=&#8221;0&#8243; global_colors_info=&#8221;{}&#8221; sticky_enabled=&#8221;0&#8243;]</p>
<p>Madeline García es abogada de práctica general, especializada en derecho migratorio, defensa penal, litigios civiles, derechos de familia, planificación patrimonial y compensación laboral. Madeline también es Defensora Pública de los condados de Shelby, Decatur y Rush.</p>
<p>Madeline obtuvo su doctorado en Derecho de la universidad Washington School of Law de St. Louis, donde ella fue la oradora de ceremonia de graduación “Vos de la clase” en el 2024, vicepresidenta de la Asociación de Abogados Estudiantiles y representante estudiantil de la Asociación Americana de Abogados. También ocupó cargos de liderazgo en la Asociación Latinoamericana de Estudiantes de Derecho, el Instituto Gephardt para el Compromiso Cívico y la Asociación Latina de Estudiantes de Postgrado. Fue becaria Marshall-Brennan de Alfabetización Constitucional, enseñando principios básicos a estudiantes de secundaria de St. Louis.</p>
<p>Antes estudiar derecho, Madeline fue vicepresidenta de Lead for a Change, una organización de participación cívica. Madeline se graduó con honores y la máxima distinción de la Escuela de Asuntos Públicos y Ambientales O&#8217;Neill de la Universidad de Indiana. Fue becaria presidencial Herbert, becaria Hudson and Holland, becaria de honor Hutton y becaria del Fondo del Senador Richard Lugar para la Excelencia Hoosier. Madeline disfruta del servicio comunitario.</p>
<p>Antes de unirse al bufete, fue voluntaria en el programa de Ayuda a Refugiados y Asilo de Caridades Católicas y colabora con diversas clínicas legales en el centro de Indiana. También es mentora de estudiantes de derecho y asistente del equipo de oratoria y debate de la escuela secundaria de Avon. En su tiempo libre, Madeline disfruta de la fotografía, el senderismo, ir a conciertos y probar nuevos restaurantes en el centro de Indiana.</p>
<h2>Áreas de Práctica</h2>
<ul>
<li>Juicio civil</li>
<li>Defensa penal</li>
<li>Derechos de familia</li>
<li>Inmigración</li>
<li>Reclamos menores</li>
<li>Testamentos, fideicomisos, y sucesiones</li>
<li>Compensación laboral</li>
</ul>
<h2>Admisiones al Colegio de Abogados</h2>
<ul>
<li>Indiana</li>
</ul>
<h2>Educacion</h2>
<ul>
<li>Universidad de Washington School of Law de St. Louis, Missouri, J.D., 2024</li>
<li>Universidad de Indiana, B.S.P.A., 2020</li>
</ul>
<h2>Clientes Representativos</h2>
<ul>
<li>Suministrado bajo pedido</li>
</ul>
<p>[/et_pb_text][/et_pb_column][/et_pb_row][/et_pb_section]</p>

<p>Madeline GarciaReputación. Respeto. Resultados.317-398-6688317-398-6806Madeline GarciaMadeline García es abogada de práctica general, especializada en derecho migratorio, defensa penal, litigios civiles, derechos de familia, planificación patrimonial y compensación laboral. Madeline también es Defensora Pública de los condados de Shelby, Decatur y Rush. Madeline obtuvo su doctorado en Derecho de la universidad Washington School of Law de St. [&hellip;]</p>
